{"id":160,"date":"2022-12-24T18:34:02","date_gmt":"2022-12-24T17:34:02","guid":{"rendered":"https:\/\/minet-mathieu-avocats.fr\/?page_id=160"},"modified":"2022-12-24T18:35:42","modified_gmt":"2022-12-24T17:35:42","slug":"droit-de-la-construction","status":"publish","type":"page","link":"https:\/\/minet-mathieu-avocats.fr\/?page_id=160","title":{"rendered":"Droit de la construction"},"content":{"rendered":"\t\t<div data-elementor-type=\"wp-page\" data-elementor-id=\"160\" class=\"elementor elementor-160\" data-elementor-post-type=\"page\">\n\t\t\t\t\t\t<section class=\"elementor-section elementor-top-section elementor-element elementor-element-a8eb1d6 elementor-section-boxed elementor-section-height-default elementor-section-height-default\" data-id=\"a8eb1d6\" data-element_type=\"section\" data-e-type=\"section\">\n\t\t\t\t\t\t<div class=\"elementor-container elementor-column-gap-default\">\n\t\t\t\t\t<div class=\"elementor-column elementor-col-100 elementor-top-column elementor-element elementor-element-7ae40e7\" data-id=\"7ae40e7\" data-element_type=\"column\" data-e-type=\"column\">\n\t\t\t<div class=\"elementor-widget-wrap elementor-element-populated\">\n\t\t\t\t\t\t<section class=\"elementor-section elementor-inner-section elementor-element elementor-element-a5ab6b5 elementor-section-boxed elementor-section-height-default elementor-section-height-default\" data-id=\"a5ab6b5\" data-element_type=\"section\" data-e-type=\"section\">\n\t\t\t\t\t\t<div class=\"elementor-container elementor-column-gap-default\">\n\t\t\t\t\t<div class=\"elementor-column elementor-col-50 elementor-inner-column elementor-element elementor-element-9be30a9\" data-id=\"9be30a9\" data-element_type=\"column\" data-e-type=\"column\">\n\t\t\t<div class=\"elementor-widget-wrap elementor-element-populated\">\n\t\t\t\t\t\t<div class=\"elementor-element elementor-element-4c2ca68 elementor-widget elementor-widget-text-editor\" data-id=\"4c2ca68\" data-element_type=\"widget\" data-e-type=\"widget\" data-widget_type=\"text-editor.default\">\n\t\t\t\t<div class=\"elementor-widget-container\">\n\t\t\t\t\t\t\t\t\t<h1 style=\"padding: 0px; margin: 0px 0px 15px; text-size-adjust: none; border: 0px; font-size: 24px; vertical-align: baseline; color: #2a6eb6; font-weight: bold; font-family: 'Open Sans', sans-serif; background-color: #f3f3f3;\">Avocat en droit de la Construction \u00e0 Valenciennes et Denain<\/h1><p class=\"western\" style=\"padding: 0px; margin-right: 0px; margin-bottom: 10px; margin-left: 0px; text-size-adjust: none; border: 0px; font-size: 13px; vertical-align: baseline; text-align: justify; color: #4f4f4f; font-family: 'Open Sans', sans-serif; background-color: #f3f3f3;\">Le<strong style=\"padding: 0px; margin: 0px; text-size-adjust: none; border: 0px; vertical-align: baseline;\">\u00a0Droit de la Construction<\/strong>\u00a0r\u00e9git les op\u00e9rations de construction (<strong style=\"padding: 0px; margin: 0px; text-size-adjust: none; border: 0px; vertical-align: baseline;\">construction d\u2019ouvrages<\/strong>\u00a0et\u00a0<strong style=\"padding: 0px; margin: 0px; text-size-adjust: none; border: 0px; vertical-align: baseline;\">travaux de r\u00e9novation<\/strong>) et leurs suites.<\/p><p class=\"western\" style=\"padding: 0px; margin-right: 0px; margin-bottom: 10px; margin-left: 0px; text-size-adjust: none; border: 0px; font-size: 13px; vertical-align: baseline; text-align: justify; color: #4f4f4f; font-family: 'Open Sans', sans-serif; background-color: #f3f3f3;\">Le\u00a0<strong style=\"padding: 0px; margin: 0px; text-size-adjust: none; border: 0px; vertical-align: baseline;\">Droit de la Construction<\/strong>\u00a0rel\u00e8ve de domaines juridiques divers tels que le Droit des Contrats, le Droit de la Construction proprement dit, le Droit de l\u2019Urbanisme, le Droit de la Copropri\u00e9t\u00e9, le Droit des Assurances, le\u00a0\u00a0<a style=\"padding: 0px; margin: 0px; text-size-adjust: none; border: 0px; vertical-align: baseline; text-decoration-line: underline; color: #5292a3; outline: none;\" href=\"file:\/\/\/D:\/SynologyDrive\/clients-pro\/minet-mathieu%20avocats\/minet-mathieu\/www.minet-mathieu-avocats.fr\/avocat-droit-immobilier.html\">Droit Immobilier<\/a>\u00a0etc.<\/p><p class=\"western\" style=\"padding: 0px; margin-right: 0px; margin-bottom: 10px; margin-left: 0px; text-size-adjust: none; border: 0px; font-size: 13px; vertical-align: baseline; text-align: justify; color: #4f4f4f; font-family: 'Open Sans', sans-serif; background-color: #f3f3f3;\">Le cabinet de votre\u00a0<strong style=\"padding: 0px; margin: 0px; text-size-adjust: none; border: 0px; vertical-align: baseline;\">Avocat en droit de la construction<\/strong>\u00a0bas\u00e9 \u00e0\u00a0<strong style=\"padding: 0px; margin: 0px; text-size-adjust: none; border: 0px; vertical-align: baseline;\">Valenciennes<\/strong>\u00a0et\u00a0<strong style=\"padding: 0px; margin: 0px; text-size-adjust: none; border: 0px; vertical-align: baseline;\">Denain<\/strong>\u00a0(proche\u00a0<strong style=\"padding: 0px; margin: 0px; text-size-adjust: none; border: 0px; vertical-align: baseline;\">Saint-Amand-les-Eaux<\/strong>,\u00a0<strong style=\"padding: 0px; margin: 0px; text-size-adjust: none; border: 0px; vertical-align: baseline;\">Cambrai<\/strong>,\u00a0<strong style=\"padding: 0px; margin: 0px; text-size-adjust: none; border: 0px; vertical-align: baseline;\">Douai<\/strong>) vous apporte conseil et assistance dans ce domaine complexe et hautement technique, engage les actions en responsabilit\u00e9 des\u00a0<strong style=\"padding: 0px; margin: 0px; text-size-adjust: none; border: 0px; vertical-align: baseline;\">constructeurs<\/strong>\u00a0et vous assiste aux op\u00e9rations d\u2019expertises amiables et judiciaires.<\/p>\t\t\t\t\t\t\t\t<\/div>\n\t\t\t\t<\/div>\n\t\t\t\t\t<\/div>\n\t\t<\/div>\n\t\t\t\t<div class=\"elementor-column elementor-col-50 elementor-inner-column elementor-element elementor-element-5638b13\" data-id=\"5638b13\" data-element_type=\"column\" data-e-type=\"column\">\n\t\t\t<div class=\"elementor-widget-wrap\">\n\t\t\t\t\t\t\t<\/div>\n\t\t<\/div>\n\t\t\t\t\t<\/div>\n\t\t<\/section>\n\t\t\t\t\t<\/div>\n\t\t<\/div>\n\t\t\t\t\t<\/div>\n\t\t<\/section>\n\t\t\t\t<section class=\"elementor-section elementor-top-section elementor-element elementor-element-9e95d8e elementor-section-boxed elementor-section-height-default elementor-section-height-default\" data-id=\"9e95d8e\" data-element_type=\"section\" data-e-type=\"section\">\n\t\t\t\t\t\t<div class=\"elementor-container elementor-column-gap-default\">\n\t\t\t\t\t<div class=\"elementor-column elementor-col-100 elementor-top-column elementor-element elementor-element-e9c87bc\" data-id=\"e9c87bc\" data-element_type=\"column\" data-e-type=\"column\">\n\t\t\t<div class=\"elementor-widget-wrap elementor-element-populated\">\n\t\t\t\t\t\t<section class=\"elementor-section elementor-inner-section elementor-element elementor-element-431927c elementor-section-boxed elementor-section-height-default elementor-section-height-default\" data-id=\"431927c\" data-element_type=\"section\" data-e-type=\"section\">\n\t\t\t\t\t\t<div class=\"elementor-container elementor-column-gap-default\">\n\t\t\t\t\t<div class=\"elementor-column elementor-col-50 elementor-inner-column elementor-element elementor-element-a465db5\" data-id=\"a465db5\" data-element_type=\"column\" data-e-type=\"column\">\n\t\t\t<div class=\"elementor-widget-wrap\">\n\t\t\t\t\t\t\t<\/div>\n\t\t<\/div>\n\t\t\t\t<div class=\"elementor-column elementor-col-50 elementor-inner-column elementor-element elementor-element-63adecd\" data-id=\"63adecd\" data-element_type=\"column\" data-e-type=\"column\">\n\t\t\t<div class=\"elementor-widget-wrap elementor-element-populated\">\n\t\t\t\t\t\t<div class=\"elementor-element elementor-element-b8ba4d6 elementor-widget elementor-widget-text-editor\" data-id=\"b8ba4d6\" data-element_type=\"widget\" data-e-type=\"widget\" data-widget_type=\"text-editor.default\">\n\t\t\t\t<div class=\"elementor-widget-container\">\n\t\t\t\t\t\t\t\t\t<h2 style=\"padding: 0px; margin: 10px 0px 5px; text-size-adjust: none; border: 0px; font-size: 19px; vertical-align: baseline; color: #2a6eb6; font-family: 'Open Sans', sans-serif; background-color: #f3f3f3;\">Comment engager la responsabilit\u00e9 du constructeur\u00a0?<\/h2><p class=\"western\" style=\"padding: 0px; margin-right: 0px; margin-bottom: 10px; margin-left: 0px; text-size-adjust: none; border: 0px; font-size: 13px; vertical-align: baseline; text-align: justify; color: #4f4f4f; font-family: 'Open Sans', sans-serif; background-color: #f3f3f3;\">En application des dispositions de l\u2019article 1792 du<strong style=\"padding: 0px; margin: 0px; text-size-adjust: none; border: 0px; vertical-align: baseline;\">\u00a0Code Civil<\/strong>,\u00a0<strong style=\"padding: 0px; margin: 0px; text-size-adjust: none; border: 0px; vertical-align: baseline;\">\u00ab<\/strong><em style=\"padding: 0px; margin: 0px; text-size-adjust: none; border: 0px; vertical-align: baseline;\">\u00a0tout constructeur d\u2019un ouvrage est responsable de plein droit, envers le ma\u00eetre ou l\u2019acqu\u00e9reur de l\u2019ouvrage, des dommages, m\u00eame r\u00e9sultant d\u2019un vice du sol, qui compromettent la solidit\u00e9 de l\u2019ouvrage ou qui, l\u2019affectant dans l\u2019un de ses \u00e9l\u00e9ments constitutifs ou l\u2019un de ses \u00e9l\u00e9ments d\u2019\u00e9quipement, le rendent impropre \u00e0 sa destination. Une telle responsabilit\u00e9 n\u2019a point lieu si le constructeur prouve que les dommages proviennent d\u2019une cause \u00e9trang\u00e8re.<\/em>\u00a0<strong style=\"padding: 0px; margin: 0px; text-size-adjust: none; border: 0px; vertical-align: baseline;\">\u00bb<\/strong><\/p><p class=\"western\" style=\"padding: 0px; margin-right: 0px; margin-bottom: 10px; margin-left: 0px; text-size-adjust: none; border: 0px; font-size: 13px; vertical-align: baseline; text-align: justify; color: #4f4f4f; font-family: 'Open Sans', sans-serif; background-color: #f3f3f3;\">En application de l\u2019article 1792-1 du\u00a0<strong style=\"padding: 0px; margin: 0px; text-size-adjust: none; border: 0px; vertical-align: baseline;\">Code Civil<\/strong>, sont r\u00e9put\u00e9s\u00a0<strong style=\"padding: 0px; margin: 0px; text-size-adjust: none; border: 0px; vertical-align: baseline;\">constructeurs de l\u2019ouvrage<\/strong>\u00a0:\u00a0\u00a0<strong style=\"padding: 0px; margin: 0px; text-size-adjust: none; border: 0px; vertical-align: baseline;\">\u00ab\u00a0<\/strong><em style=\"padding: 0px; margin: 0px; text-size-adjust: none; border: 0px; vertical-align: baseline;\">l\u2019architecte, l\u2019entrepreneur, le technicien ou tout autre personne li\u00e9e au ma\u00eetre d\u2019ouvrage par un contrat de louage d\u2019ouvrage, toute personne qui vend, apr\u00e8s ach\u00e8vement, un ouvrage qu\u2019elle a construit ou fait construire ainsi que toute personne qui, bien qu\u2019agissant en qualit\u00e9 de mandataire du propri\u00e9taire de l\u2019ouvrage, accomplit une mission assimilable \u00e0 celle d\u2019un locateur d\u2019ouvrage.<\/em>\u00a0<strong style=\"padding: 0px; margin: 0px; text-size-adjust: none; border: 0px; vertical-align: baseline;\">\u00bb<\/strong><\/p><p class=\"western\" style=\"padding: 0px; margin-right: 0px; margin-bottom: 10px; margin-left: 0px; text-size-adjust: none; border: 0px; font-size: 13px; vertical-align: baseline; text-align: justify; color: #4f4f4f; font-family: 'Open Sans', sans-serif; background-color: #f3f3f3;\">La\u00a0<strong style=\"padding: 0px; margin: 0px; text-size-adjust: none; border: 0px; vertical-align: baseline;\">r\u00e9ception de l\u2019ouvrage<\/strong>\u00a0(des travaux) d\u00e9clenche trois types de garantie\u00a0:<\/p><ul style=\"padding: 0px; margin: 10px 0px 10px 30px; text-size-adjust: none; font-size: 13px; list-style: none; color: #4f4f4f; font-family: 'Open Sans', sans-serif; background-color: #f3f3f3;\"><li style=\"padding: 0px; margin: 5px 0px; text-size-adjust: none; font-size: 13px; list-style-image: url('..\/gifs\/puce.jpg');\">la garantie de parfait ach\u00e8vement (1 an)<\/li><li style=\"padding: 0px; margin: 5px 0px; text-size-adjust: none; font-size: 13px; list-style-image: url('..\/gifs\/puce.jpg');\">la garantie pour les \u00e9l\u00e9ments d\u2019\u00e9quipement (2 ans)<\/li><li style=\"padding: 0px; margin: 5px 0px; text-size-adjust: none; font-size: 13px; list-style-image: url('..\/gifs\/puce.jpg');\">la\u00a0<strong style=\"padding: 0px; margin: 0px; text-size-adjust: none; border: 0px; vertical-align: baseline;\">garantie d\u00e9cennale<\/strong>\u00a0(10 ans)<\/li><\/ul><p class=\"western\" style=\"padding: 0px; margin-right: 0px; margin-bottom: 10px; margin-left: 0px; text-size-adjust: none; border: 0px; font-size: 13px; vertical-align: baseline; text-align: justify; color: #4f4f4f; font-family: 'Open Sans', sans-serif; background-color: #f3f3f3;\">Des difficult\u00e9s peuvent appara\u00eetre \u00e0 tous les stades de la\u00a0<strong style=\"padding: 0px; margin: 0px; text-size-adjust: none; border: 0px; vertical-align: baseline;\">construction<\/strong>\u00a0: durant l\u2019ex\u00e9cution des travaux, au moment de la r\u00e9ception des travaux et apr\u00e8s celle-ci.<\/p><p class=\"western\" style=\"padding: 0px; margin-right: 0px; margin-bottom: 10px; margin-left: 0px; text-size-adjust: none; border: 0px; font-size: 13px; vertical-align: baseline; text-align: justify; color: #4f4f4f; font-family: 'Open Sans', sans-serif; background-color: #f3f3f3;\">Situ\u00e9 \u00e0\u00a0<strong style=\"padding: 0px; margin: 0px; text-size-adjust: none; border: 0px; vertical-align: baseline;\">Valenciennes<\/strong>\u00a0et\u00a0<strong style=\"padding: 0px; margin: 0px; text-size-adjust: none; border: 0px; vertical-align: baseline;\">Denain<\/strong>\u00a0(proche\u00a0<strong style=\"padding: 0px; margin: 0px; text-size-adjust: none; border: 0px; vertical-align: baseline;\">Douai<\/strong>,\u00a0<strong style=\"padding: 0px; margin: 0px; text-size-adjust: none; border: 0px; vertical-align: baseline;\">St-Amand-les-Eaux<\/strong>,\u00a0<strong style=\"padding: 0px; margin: 0px; text-size-adjust: none; border: 0px; vertical-align: baseline;\">Cambrai<\/strong>), le cabinet de votre\u00a0<strong style=\"padding: 0px; margin: 0px; text-size-adjust: none; border: 0px; vertical-align: baseline;\">Avocat en droit de la construction<\/strong>\u00a0vous assiste et vous conseille que vous soyez particulier ou constructeur, \u00e0 tous les stades du chantier.<\/p><p class=\"western\" style=\"padding: 0px; margin-right: 0px; margin-bottom: 10px; margin-left: 0px; text-size-adjust: none; border: 0px; font-size: 13px; vertical-align: baseline; text-align: justify; color: #4f4f4f; font-family: 'Open Sans', sans-serif; background-color: #f3f3f3;\">Pendant l\u2019<strong style=\"padding: 0px; margin: 0px; text-size-adjust: none; border: 0px; vertical-align: baseline;\">ex\u00e9cution des travaux<\/strong>, des d\u00e9sordres peuvent appara\u00eetre n\u00e9cessitants l\u2019interruption temporaire ou d\u00e9finitive des travaux. Une proc\u00e9dure d\u2019urgence (r\u00e9f\u00e9r\u00e9) peut \u00eatre engag\u00e9e.<\/p><p class=\"western\" style=\"padding: 0px; margin-right: 0px; margin-bottom: 10px; margin-left: 0px; text-size-adjust: none; border: 0px; font-size: 13px; vertical-align: baseline; text-align: justify; color: #4f4f4f; font-family: 'Open Sans', sans-serif; background-color: #f3f3f3;\">Au moment de la<strong style=\"padding: 0px; margin: 0px; text-size-adjust: none; border: 0px; vertical-align: baseline;\">\u00a0r\u00e9ception des travaux<\/strong>, le constructeur ou le client peut refuser la r\u00e9ception si bien qu\u2019une proc\u00e9dure sera n\u00e9cessaire pour obtenir la r\u00e9ception judiciaire des travaux avec ou sans r\u00e9serve et d\u00e9clencher ainsi la garantie de l\u2019assureur.<\/p><p class=\"western\" style=\"padding: 0px; margin-right: 0px; margin-bottom: 10px; margin-left: 0px; text-size-adjust: none; border: 0px; font-size: 13px; vertical-align: baseline; text-align: justify; color: #4f4f4f; font-family: 'Open Sans', sans-serif; background-color: #f3f3f3;\">Post\u00e9rieurement \u00e0 la r\u00e9ception, des d\u00e9sordres peuvent intervenir rendant n\u00e9cessaire une action en justice afin d\u2019engager la\u00a0<strong style=\"padding: 0px; margin: 0px; text-size-adjust: none; border: 0px; vertical-align: baseline;\">responsabilit\u00e9 du constructeur<\/strong>\u00a0et de son assureur. Pr\u00e9alablement, une mesure d\u2019 expertise sera n\u00e9cessaire pour d\u00e9terminer la nature des d\u00e9sordres, les solutions pour y rem\u00e9dier et pour d\u00e9terminer les pr\u00e9judices subis et notamment le pr\u00e9judice de jouissance.<\/p>\t\t\t\t\t\t\t\t<\/div>\n\t\t\t\t<\/div>\n\t\t\t\t\t<\/div>\n\t\t<\/div>\n\t\t\t\t\t<\/div>\n\t\t<\/section>\n\t\t\t\t\t<\/div>\n\t\t<\/div>\n\t\t\t\t\t<\/div>\n\t\t<\/section>\n\t\t\t\t<section class=\"elementor-section elementor-top-section elementor-element elementor-element-4be38c0 elementor-section-boxed elementor-section-height-default elementor-section-height-default\" data-id=\"4be38c0\" data-element_type=\"section\" data-e-type=\"section\">\n\t\t\t\t\t\t<div class=\"elementor-container elementor-column-gap-default\">\n\t\t\t\t\t<div class=\"elementor-column elementor-col-100 elementor-top-column elementor-element elementor-element-00e3d95\" data-id=\"00e3d95\" data-element_type=\"column\" data-e-type=\"column\">\n\t\t\t<div class=\"elementor-widget-wrap elementor-element-populated\">\n\t\t\t\t\t\t<section class=\"elementor-section elementor-inner-section elementor-element elementor-element-9f65a66 elementor-section-boxed elementor-section-height-default elementor-section-height-default\" data-id=\"9f65a66\" data-element_type=\"section\" data-e-type=\"section\">\n\t\t\t\t\t\t<div class=\"elementor-container elementor-column-gap-default\">\n\t\t\t\t\t<div class=\"elementor-column elementor-col-50 elementor-inner-column elementor-element elementor-element-d554a3c\" data-id=\"d554a3c\" data-element_type=\"column\" data-e-type=\"column\">\n\t\t\t<div class=\"elementor-widget-wrap elementor-element-populated\">\n\t\t\t\t\t\t<div class=\"elementor-element elementor-element-be88cc4 elementor-widget elementor-widget-text-editor\" data-id=\"be88cc4\" data-element_type=\"widget\" data-e-type=\"widget\" data-widget_type=\"text-editor.default\">\n\t\t\t\t<div class=\"elementor-widget-container\">\n\t\t\t\t\t\t\t\t\t<h2 style=\"padding: 0px; margin: 10px 0px 5px; text-size-adjust: none; border: 0px; font-size: 19px; vertical-align: baseline; color: rgb(42, 110, 182); font-family: &quot;Open Sans&quot;, sans-serif; background-color: rgb(243, 243, 243);\">Quel est le r\u00f4le de l\u2019architecte&nbsp;? Quelle est la responsabilit\u00e9 de l\u2019architecte&nbsp;?<\/h2><p class=\"western\" style=\"padding: 0px; margin-right: 0px; margin-bottom: 10px; margin-left: 0px; text-size-adjust: none; border: 0px; font-size: 13px; vertical-align: baseline; text-align: justify; color: rgb(79, 79, 79); font-family: &quot;Open Sans&quot;, sans-serif; background-color: rgb(243, 243, 243);\">Les<strong style=\"padding: 0px; margin: 0px; text-size-adjust: none; border: 0px; vertical-align: baseline;\">&nbsp;missions de l\u2019architecte<\/strong>&nbsp;sont vari\u00e9es. L\u2019architecte peut intervenir de la conception du projet jusqu\u2019\u00e0 la r\u00e9ception des travaux.<\/p><p class=\"western\" style=\"padding: 0px; margin-right: 0px; margin-bottom: 10px; margin-left: 0px; text-size-adjust: none; border: 0px; font-size: 13px; vertical-align: baseline; text-align: justify; color: rgb(79, 79, 79); font-family: &quot;Open Sans&quot;, sans-serif; background-color: rgb(243, 243, 243);\">L\u2019architecte est soumis \u00e0 une obligation de conseil qui lui impose d\u2019apporter au ma\u00eetre de l\u2019ouvrage sa connaissance et ses conseils avis\u00e9s.<\/p><p class=\"western\" style=\"padding: 0px; margin-right: 0px; margin-bottom: 10px; margin-left: 0px; text-size-adjust: none; border: 0px; font-size: 13px; vertical-align: baseline; text-align: justify; color: rgb(79, 79, 79); font-family: &quot;Open Sans&quot;, sans-serif; background-color: rgb(243, 243, 243);\">L\u2019architecte est \u00e9galement tenu d\u2019une obligation de contr\u00f4le et de surveillance des travaux, servant de lien avec les diff\u00e9rents entrepreneurs.<\/p><p class=\"western\" style=\"padding: 0px; margin-right: 0px; margin-bottom: 10px; margin-left: 0px; text-size-adjust: none; border: 0px; font-size: 13px; vertical-align: baseline; text-align: justify; color: rgb(79, 79, 79); font-family: &quot;Open Sans&quot;, sans-serif; background-color: rgb(243, 243, 243);\">La responsabilit\u00e9 de l\u2019architecte peut ainsi \u00eatre engag\u00e9e en cas de non-respect de l\u2019obligation de conseil ou de d\u00e9faut de surveillance.<\/p><p class=\"western\" style=\"padding: 0px; margin-right: 0px; margin-bottom: 10px; margin-left: 0px; text-size-adjust: none; border: 0px; font-size: 13px; vertical-align: baseline; text-align: justify; color: rgb(79, 79, 79); font-family: &quot;Open Sans&quot;, sans-serif; background-color: rgb(243, 243, 243);\">D\u2019autres responsabilit\u00e9s peuvent \u00eatre engag\u00e9es \u00e0 l\u2019\u00e9gard des entrepreneurs notamment en cas de retard de livraison de l\u2019ouvrage. La responsabilit\u00e9 des sous-traitants peut \u00e9galement \u00eatre engag\u00e9e.<\/p><p class=\"western\" style=\"padding: 0px; margin-right: 0px; margin-bottom: 10px; margin-left: 0px; text-size-adjust: none; border: 0px; font-size: 13px; vertical-align: baseline; text-align: justify; color: rgb(79, 79, 79); font-family: &quot;Open Sans&quot;, sans-serif; background-color: rgb(243, 243, 243);\">La complexit\u00e9 des proc\u00e9dures et la technicit\u00e9 des domaines juridiques concern\u00e9s n\u00e9cessitent l\u2019assistance et le conseil d\u2019un&nbsp;<strong style=\"padding: 0px; margin: 0px; text-size-adjust: none; border: 0px; vertical-align: baseline;\">Avocat en droit de la construction<\/strong>&nbsp;exp\u00e9riment\u00e9 tel que Ma\u00eetre Mathieu, bas\u00e9 \u00e0&nbsp;<strong style=\"padding: 0px; margin: 0px; text-size-adjust: none; border: 0px; vertical-align: baseline;\">Valenciennes<\/strong>&nbsp;et&nbsp;<strong style=\"padding: 0px; margin: 0px; text-size-adjust: none; border: 0px; vertical-align: baseline;\">Denain<\/strong>, \u00e0 proximit\u00e9 de&nbsp;<strong style=\"padding: 0px; margin: 0px; text-size-adjust: none; border: 0px; vertical-align: baseline;\">Douai<\/strong>,&nbsp;<strong style=\"padding: 0px; margin: 0px; text-size-adjust: none; border: 0px; vertical-align: baseline;\">Cambrai<\/strong>&nbsp;et&nbsp;<strong style=\"padding: 0px; margin: 0px; text-size-adjust: none; border: 0px; vertical-align: baseline;\">St-Amand-les-Eaux<\/strong>.<\/p>\t\t\t\t\t\t\t\t<\/div>\n\t\t\t\t<\/div>\n\t\t\t\t\t<\/div>\n\t\t<\/div>\n\t\t\t\t<div class=\"elementor-column elementor-col-50 elementor-inner-column elementor-element elementor-element-09e26d2\" data-id=\"09e26d2\" data-element_type=\"column\" data-e-type=\"column\">\n\t\t\t<div class=\"elementor-widget-wrap\">\n\t\t\t\t\t\t\t<\/div>\n\t\t<\/div>\n\t\t\t\t\t<\/div>\n\t\t<\/section>\n\t\t\t\t\t<\/div>\n\t\t<\/div>\n\t\t\t\t\t<\/div>\n\t\t<\/section>\n\t\t\t\t<\/div>\n\t\t","protected":false},"excerpt":{"rendered":"<p>Avocat en droit de la Construction \u00e0 Valenciennes et Denain Le\u00a0Droit de la Construction\u00a0r\u00e9git les op\u00e9rations de construction (construction d\u2019ouvrages\u00a0et\u00a0travaux de r\u00e9novation) et leurs suites. Le\u00a0Droit de la Construction\u00a0rel\u00e8ve de domaines juridiques divers tels que le Droit des Contrats, le Droit de la Construction proprement dit, le Droit de l\u2019Urbanisme, le Droit de la Copropri\u00e9t\u00e9, [&hellip;]<\/p>\n","protected":false},"author":1,"featured_media":0,"parent":0,"menu_order":0,"comment_status":"closed","ping_status":"closed","template":"","meta":{"footnotes":""},"class_list":["post-160","page","type-page","status-publish","hentry"],"_links":{"self":[{"href":"https:\/\/minet-mathieu-avocats.fr\/index.php?rest_route=\/wp\/v2\/pages\/160","targetHints":{"allow":["GET"]}}],"collection":[{"href":"https:\/\/minet-mathieu-avocats.fr\/index.php?rest_route=\/wp\/v2\/pages"}],"about":[{"href":"https:\/\/minet-mathieu-avocats.fr\/index.php?rest_route=\/wp\/v2\/types\/page"}],"author":[{"embeddable":true,"href":"https:\/\/minet-mathieu-avocats.fr\/index.php?rest_route=\/wp\/v2\/users\/1"}],"replies":[{"embeddable":true,"href":"https:\/\/minet-mathieu-avocats.fr\/index.php?rest_route=%2Fwp%2Fv2%2Fcomments&post=160"}],"version-history":[{"count":4,"href":"https:\/\/minet-mathieu-avocats.fr\/index.php?rest_route=\/wp\/v2\/pages\/160\/revisions"}],"predecessor-version":[{"id":164,"href":"https:\/\/minet-mathieu-avocats.fr\/index.php?rest_route=\/wp\/v2\/pages\/160\/revisions\/164"}],"wp:attachment":[{"href":"https:\/\/minet-mathieu-avocats.fr\/index.php?rest_route=%2Fwp%2Fv2%2Fmedia&parent=160"}],"curies":[{"name":"wp","href":"https:\/\/api.w.org\/{rel}","templated":true}]}}